it of (12 + l)*(-45)/(-9)?
0
Let g = -2877 - -6490. What is the tens digit of g?
1
Let m be 5/8*2*-12. Let y = 22 + m. What is the units digit of y?
7
Let o(j) = -j**2 + 14*j - 13. Let l be o(13). Suppose l = -5*w + 62 + 38. What is the units digit of w?
0
Suppose -5*u + 0*u + 1690 = 5*l, 5*l - 1711 = 2*u. Suppose 2*h + 2*v - 214 = -2*v, -l = -3*h - 2*v. What is the tens digit of h?
1
Let d(x) = -x**2 + 4*x + 3. Let a be d(4). Let z(b) = -b**2 + 3*b + 2. Let k be z(a). Suppose -h + 7 = k*g - 75, 3*g - 3*h = 105. What is the units digit of g?
9
Suppose -4*t = h - 2*t + 298, -4*t = 4*h + 1188. Let v = -188 - h. What is the hundreds digit of v?
1
Let r(s) = s**3 + 7*s**2 - s + 8. Let i be r(-6). Suppose -3*l - 11 = -i. Suppose -3*v = 5*g - 75 - 14, -v = -g + l. What is the tens digit of g?
1
Let s(m) = -6 + 5 + 69*m**2 + m - m. What is the units digit of s(-1)?
8
Let c(z) = z**2 + 6*z - 27. Let d be c(-9). What is the units digit of (-3 - -5)*(5 + d)?
0
Let a = 313 - -225. What is the units digit of (-3)/6 - (-1)/4*a?
4
Let f = -22 - -26. Suppose 5*x = -3*l + 3 + 2, 0 = -f*l + 2*x + 24. What is the units digit of l?
5
Let r be (-2)/(-3) + (-5)/(-15). Let g(j) = 286*j**2 + j - 2. Let x be g(r). Suppose 0 = 5*y - 0*y - x. What is the units digit of y?
7
What is the tens digit of 10/(-2) - (-8 + -15)?
1
Suppose -d = 3*t - 812, -5*d - 4 = 1. What is the hundreds digit of t?
2
Let i be 1163/((-152)/52 - -3). Let k be 4/(-18) + i/117. What is the units digit of (-3)/12 - k/(-4)?
2
Suppose -4*r - 4*v + 15504 = 0, -28*r = -30*r + 3*v + 7772. What is the hundreds digit of r?
8
Suppose -17*a - 6692 = -27058. What is the units digit of a?
8
Suppose -34*i = -39*i + 2530. What is the units digit of i?
6
Let h = 60 + -15. Let n = h + -9. What is the units digit of n?
6
Let b = -6 + 14. Let z(h) = h**3 - 9*h**2 + 9*h + 1. Let i be z(b). Suppose -i*g + 11*g - 14 = 0. What is the units digit of g?
7
Let x = -21 - 11. Let m = -21 - x. What is the tens digit of m?
1
What is the tens digit of 35*(-1)/(-10)*1524/7?
6
Let g = 2832 + -1877. What is the hundreds digit of g?
9
Let i = -6 - -10. Let j be i/20 - 18/(-10). What is the tens digit of j + (-3 - -45)/3?
1
Let r = -572 - -1325. What is the units digit of r?
3
Suppose -8*r = -2*r - 1236. Suppose -14*b = -12*b - r. Suppose -2*t + 27 = -b. What is the units digit of t?
5
Let n be ((-4)/10)/(1/20). Let v = n + 21. Let t(z) = -z**2 + 13*z + 7. What is the units digit of t(v)?
7
What is the tens digit of (8/(-3) - -6)*159?
3
Let c(p) = 3*p**2 - 6*p - 8. Let u be c(-9). Let n be u/3 - 14/(-21). Suppose 5*y - 117 = -3*a, -6*y + a = -2*y - n. What is the units digit of y?
4
Let x be (24/14)/(18/63). Suppose x*m + 5*m - 561 = 0. What is the units digit of m?
1
Let g = 384 + -318. What is the tens digit of g?
6
Suppose -16 = -4*r + 4, 4*u + 2*r = 26. Suppose u*a - 149 = 2*y + y, -5*y + 20 = a. What is the units digit of a?
5
Let b be (-9)/36 + (-34)/(-8). Suppose -b*h + 192 = -h. What is the units digit of h?
4
Suppose f = 99 - 375. Let b be f/27 + (-2)/(-9). Let k = b - -15. What is the units digit of k?
5
Let o(u) = -4*u - 27 + 47 - 85*u**3 - 22 - u**2. What is the units digit of o(-1)?
6
Let g(q) be the third derivative of q**6/120 - q**5/30 + q**4/8 + q**3/3 + 5*q**2. Suppose -3*r = -4 - 8. What is the units digit of g(r)?
6
Let h = -488 - -1108. Suppose -4*f = -h + 140. What is the tens digit of f?
2
Let j = -24 - -20. Let t = j + 8. Suppose 3*p = w - 39, 2*p - 83 = -t*w + 59. What is the units digit of w?
6
Let b(n) = -n**3 - 5*n**2 - 4*n + 2. Let j be 1/3*(-14 + 2). Let a be b(j). Suppose 0*c + a = 2*c. What is the units digit of c?
1
Let v(l) = -3*l - 18 + 7*l**2 + 9*l + l + l. What is the tens digit of v(6)?
8
Let p be 4/7 - 486/(-7). Suppose 6*h + p = h. What is the units digit of (-3)/2 - 77/h?
4
Let u be (-55)/(-20) + (-1)/(-4). Let y(k) = -2*k - 3. Let l(x) = -x - 1. Let t(g) = u*y(g) - 8*l(g). What is the units digit of t(3)?
5
Let f = 164 + -162. Let j(z) be the first derivative of 2*z**3/3 - z**2 + 3*z + 1. What is the units digit of j(f)?
7
Let m be (9960/20)/(-1 + 3). Suppose 46 = 3*x + t - 105, -3*t + m = 5*x. What is the units digit of x?
1
Suppose -8*f + 3*f + 4*b = -2717, -b = 4*f - 2161. What is the tens digit of f?
4
Let g(y) = 197*y + 733. What is the thousands digit of g(14)?
3
Suppose 22*r - 42*r = 20*r. Let x be 5/(-2)*12/(-10). What is the tens digit of x - ((2 - 43) + r)?
4
Let z = -8 + 10. Let m(q) = 5*q**2 + 8 - q**2 + z*q + 6*q. What is the units digit of m(-4)?
0
Let b(a) = -a + 5. Let s be b(0). What is the tens digit of (s/(-2))/((-3)/12)?
1
Let f(x) = 2*x**3 - 2*x + 3. Let p be (-4)/(-3)*15/10. What is the units digit of f(p)?
5
Suppose 0 = -s + 3*u + 2048, 0*s - 2078 = -s - 3*u. What is the units digit of s?
3
Let r be (-5)/(-5) - (0 + 1 + 0). Suppose -5 = a, r*b - 4*b + 49 = -5*a. What is the units digit of b?
6
Suppose g + 5*n = 4, 3*n + 9 = 2*g + 1. Suppose -2*i = -g*m + 172, 3*i - 3 = -m + 40. What is the units digit of m?
3
Let i(r) be the second derivative of -r**3/3 - 15*r**2/2 - 6*r. Let p be i(-12). Let z = 10 - p. What is the units digit of z?
1
Suppose 53*x - 4 = 55*x. What is the tens digit of (10/15)/(x/(-420))?
4
Let x be 3*(-3)/(-18)*2. Let y(z) = 4*z**3 - 3*z - z**2 + 9*z**3 + 5*z - z. What is the units digit of y(x)?
3
Suppose 0 = -4*l + 1 - 13. Let d(x) = -x**3 - 3*x**2 + x + 3. Let f be d(l). Suppose -5*n = -25, -4*a + 4*n + f*n + 72 = 0. What is the tens digit of a?
2
Suppose -8*l + 74 = -134. What is the units digit of (-16 + 4)/((-3)/l)?
4
Let a = 0 - 9. Let n(o) be the first derivative of -o**4/4 - 7*o**3/3 + 6*o**2 + 3*o - 102. What is the units digit of n(a)?
7
Suppose 0 = -8*g + 6892 + 6324. What is the units digit of (-1)/(4 + g/(-412))?
3
Suppose 8*u = 4*u + 16. Let y be 51/(-12) + 1/4. What is the tens digit of 15 + (y - u/(-4))?
1
What is the tens digit of (-2)/4*(-214 + -1 - 7)?
1
Let b be (1*-1)/((-1)/5). Let n(p) = p. Let f(y) = -3*y + 1. Let l(k) = -f(k) - 2*n(k). What is the units digit of l(b)?
4
What is the thousands digit of 2932 + 23/(-9) + (-48)/108?
2
Let p(c) = 3*c + 2. Let t be p(9). Let a = t + -15. What is the tens digit of a?
1
Let d be 6/(-3*8/36). What is the units digit of (-60)/d*(3 - -3)?
0
Let o = -349 - -863. What is the tens digit of o?
1
Suppose -3*k + 447 + 680 = -4*p, -p = 4*k - 1490. What is the tens digit of k?
7
Let b(s) = 76*s**2 + 19*s - 95. What is the hundreds digit of b(4)?
1
Suppose u = -c + 8, 4*u = -2*c - 0 + 22. Suppose -5*p = -15, -5*i + 9 = p - 4. Suppose -i*s + u*o - 8*o = -2, 0 = 5*s - 3*o - 36. What is the units digit of s?
6
Let u(q) = 109*q**2 - q + 2. Let d be u(1). Let m = -55 + d. What is the tens digit of m?
5
Let o(q) = q**3 - 71*q**2 + 58*q - 74. What is the units digit of o(71)?
4
Suppose 2 = -2*h - 4. What is the units digit of (-396)/(-8) - h/6?
0
Suppose -2*j - 4*s + 13 + 7 = 0, 5*j - 4*s = 36. Suppose -j*g + 70 = -6*g. What is the units digit of g?
5
Let m = -7 + -11. Let k be (m/(-12))/((-1)/(-2)). Suppose l = -5*t + 63 + 9, 4*l + 34 = k*t. What is the units digit of t?
4
Let t = -1016 + 717. Let s = t + 515. What is the units digit of s?
6
Suppose -5*m - 231 = -3*f, 4*m = m - 9. Let y = 120 - f. What is the tens digit of y?
4
Suppose 2*m + 7228 = 3*f, 5*m = -5*f + 2*m + 12034. What is the thousands digit of f?
2
Suppose -219 = -4*w - 3*p, 122 + 61 = 3*w - 4*p. Suppose 60*j - 765 = w*j. What is the tens digit of j?
5
Suppose 3*t = 478 + 917. What is the units digit of t?
5
Suppose 0*g = -4*g + 8. Suppose 5*m - 40 = 5*a + 7*m, g*a - m = -16. Let z(b) = -b**3 - 8*b**2 - 4*b - 8. What is the units digit of z(a)?
4
Let f be 60/(-18) + 4 + (-7)/(-3). What is the units digit of 75 + -2 - (f + -3 + -1)?
4
What is the tens digit of ((-12)/(-15))/(8/12640)?
6
What is the units digit of (-6)/1 + (-754)/(-13)?
2
Let z(r) = -3*r - 2. Suppose v = -3 + 15. Suppose -5*b + 2 = v. What is the units digit of z(b)?
4
Let w(d) = 56*d - 2. Let a be w(7). Suppose 5*u + 0*u - a = -2*k, -5*u + 380 = 4*k. What is the tens digit of u?
8
What is the thousands digit of (((-12)/(-7))/(-4))/((-4)/11452)?
1
Let f = 215 + 175. What is the units digit of f?
0
Let r(m) = 11*m**2 - 10*m + 18. What is the units digit of r(7)?
7
L